-804. Calculate the remainder when n is divided by (-3861)/(-286) - (-15)/6.
14
Let d = -2497 - -2724. Calculate the remainder when d is divided by 50.
27
Suppose -4860 = -27*g + 5049. Calculate the remainder when g is divided by 9.
7
Suppose -3*g - 294 = 120. Let o be g/(-15) + (-7)/35. Suppose 0 = o*q - 16 - 2. Calculate the remainder when 7 is divided by q.
1
Let y = -69 - -69. Let o be (-4*1 + y + 5)/1. What is the remainder when 2/6 + o + (-1005)/(-9) is divided by 38?
37
Let l(a) = 2*a**2 + 9*a - 7. What is the remainder when 1339 is divided by l(-6)?
8
Let h(g) = -3*g**2 + 23*g - 20. Suppose 57 - 1137 = -6*a. Calculate the remainder when a is divided by h(2).
12
Let z = 10095 - 10078. Suppose -4*w + 474 - 154 = 0. What is the remainder when w is divided by z?
12
Let q(y) = 61*y**2 - 167*y + 324. What is the remainder when 473 is divided by q(2)?
5
Suppose 2*u + 327 = 5*w, -125 - 69 = -3*w - u. Calculate the remainder when 363 is divided by w.
38
What is the remainder when ((-36390)/(-150) + 4*-3)*5 is divided by 40?
33
Let v = 105 - 148. Let f = -41 - v. Suppose 4*q - f = 2. Calculate the remainder when 1 is divided by q.
0
Suppose 4185 = 5*z - 5*h, 9*z - 8*z = 4*h + 840. What is the remainder when 1717 is divided by z?
45
Calculate the remainder when -24 + -3 - -35 - (-39 + 1) is divided by 45.
1
Let x be ((-9)/(-6)*2 - 351) + 1. Let i = x + 374. Calculate the remainder when i is divided by 17.
10
Let k = -12389 + 12467. Calculate the remainder when 530 is divided by k.
62
Suppose -1017 = -51*z - 20*z - 42*z. Calculate the remainder when 682 is divided by z.
7
Let c = 483 - 717. Let f = 254 + c. What is the remainder when 59 is divided by f?
19
Suppose -19 = j - 1. Let q be (-6)/27 + 50/j. What is the remainder when 95 is divided by 2 - (66/q)/1?
23
Suppose -3*o - 3 = 0, u - 10 = 7*o - 3*o. Let r(f) = f**3 - f**2 + 2*f - 2. Let z(g) = 3*g**2. Let a be z(-1). What is the remainder when r(a) is divided by u?
4
Calculate the remainder when 2/5 - (-636)/10 is divided by (-9430)/(-575) - (4 - 84/15).
10
Let i(f) = 3*f**2 - 34*f - 14. Let h be i(8). What is the remainder when 181 is divided by (h/(-6))/((22/6)/11)?
40
Let q(b) = -b**2 + 73*b - 801. What is the remainder when 37 is divided by q(14)?
12
Let g = 1848 + -1693. What is the remainder when g is divided by 136?
19
Let x be (-32)/(4 - 246/60). Let k = -183 + x. Calculate the remainder when k is divided by 20.
17
Calculate the remainder when 229 is divided by (-30)/18 - ((-91)/(-21) + -8).
1
Suppose -45*w = -132*w + 2175. What is the remainder when 59 is divided by w?
9
Suppose 3*b = 5*p - 75, -3*b = -4*p + 2*p + 84. Calculate the remainder when ((-60)/b)/(1/152) is divided by 17.
15
Suppose 30*m = 44*m - 364. Suppose 6*f = 2*f + 456. Let g = f - 40. What is the remainder when g is divided by m?
22
Let r(j) = 52*j + 54. What is the remainder when 3286 is divided by r(2)?
126
Suppose -2*z - 4 = 6, -z = -4*m + 5. Suppose m = -x - 3, 5*r + 4*x = 10*r - 342. Calculate the remainder when r is divided by 17.
15
Let q(l) = 4*l**2 + 13*l - 14. Calculate the remainder when q(-7) is divided by 5.
1
Let g(i) = -42*i + 558. What is the remainder when g(0) is divided by 117?
90
Suppose 0 = 8*a + 36*a - 3157 - 3399. What is the remainder when 312 is divided by a?
14
Suppose 0 = -4*h + 3*t + 13, 0 = 4*h + 13*t - 10*t - 19. Suppose -h*n = -3*a - 36, a = -n + 5*n - 28. Calculate the remainder when 16 is divided by n.
4
Let f(i) = -i**2 - 7 - 4 + 16 + 10*i - 8. Let k = 83 - 59. Calculate the remainder when k is divided by f(2).
11
Let u(o) = 115*o - 5600. Suppose 0 = 2*y + 5*w - 38, -12 = -y - w + 4. Calculate the remainder when u(50) is divided by y.
10
Calculate the remainder when 382 is divided by (1720/(-602))/((-5)/((-245)/(-2))).
32
Let d be 1336/5 - (-11)/(-55). Let o = d + -226. Calculate the remainder when o is divided by 6.
5
Let w be 3 - 0*2/12. Suppose -w*n - 1950 = -18*n. Calculate the remainder when n is divided by 44.
42
Let x(l) = -153*l + 395. Calculate the remainder when x(2) is divided by 48.
41
Let c(s) = 26 - 5*s - 22 + 74 + 71. What is the remainder when c(7) is divided by 29?
27
Suppose 0 = -5*u - 2*h + 93, -3*u + 47 = -h - 0*h. Let z = -14 + u. Let f(s) = 10*s**2 - 5*s. Calculate the remainder when f(z) is divided by 19.
18
Suppose -11*r = 214 - 632. Calculate the remainder when r is divided by 106/8 - (-192)/256.
10
Suppose -5*y - 2*s + 100 = -102, -6*y - 4*s + 228 = 0. What is the remainder when 46 is divided by y?
2
Let v = -524 - -343. Let z = v + 239. Calculate the remainder when z is divided by 21.
16
Let o = 28041 + -18250. What is the remainder when o is divided by 72?
71
Calculate the remainder when 373 is divided by (((-3564)/165)/(-18))/(2/(-20)*-3).
1
Let x(b) = b + 7. Let g = 220 + -145. Let l = 20 + g. Calculate the remainder when l is divided by x(7).
11
Suppose 0 = -8*p + 37 - 5. Suppose -4*g - 4*n = -197 + 33, n + 164 = p*g. What is the remainder when g is divided by 1*(1 + 13 + -3)?
8
Suppose -9*o = -7*o + 252. Let c = -88 - o. Calculate the remainder when c is divided by 27.
11
Suppose -4*r - 8 = 0, 4*w - 6*r + 3*r = 18. Suppose 438 = w*v + 5*g, -g = -2*v + g + 308. Calculate the remainder when v is divided by 77.
74
Let s(n) = 157*n**2 - 2. Calculate the remainder when 280 is divided by s(1).
125
Suppose -5*s + s = x - 136, 2*x - 170 = -5*s. Let y = 517 - 389. Suppose 7*u - y = 3*u + 2*w, -w - s = -u. Calculate the remainder when u is divided by 11.
8
Let q(s) = -50*s - 597. What is the remainder when 2009 is divided by q(-12)?
2
Suppose 0 = -o + 1, -4*p = -0*p + 5*o + 31. Let w(g) = -20*g + 19. Let z be w(p). Let j = z - 77. Calculate the remainder when j is divided by 21.
17
Let l = 206 - 192. What is the remainder when 1436 is divided by l?
8
Suppose 3*p = 52 + 71. Let a(k) = 142*k - 13 - 282*k - 3*k**2 + 147*k + 9*k**2. Calculate the remainder when a(6) is divided by p.
40
Suppose 4*b = -2*o + 18 - 2, 3*o = -6. Suppose -22 = -3*i - b*y + 22, -4*y = 4*i - 56. Calculate the remainder when 35 is divided by i.
9
Let f be (-15 - -18) + (-2 - -1)*3. Suppose -a - 6*a + 1162 = f. Calculate the remainder when a is divided by 43.
37
Let p(n) = 24*n**2 - 56*n - 27. Calculate the remainder when p(-8) is divided by 109.
104
Let m = -2392 - -2460. Calculate the remainder when 519 is divided by m.
43
Suppose w - 6 = -15. Let n = w - 4. Let m = 61 + n. What is the remainder when m is divided by 10?
8
Suppose -12*v + 2348 = 15*v - 6886. Calculate the remainder when v is divided by 26.
4
Let t(i) = -3*i**3 - 4*i**2 - 5*i - 3. Suppose 2*d = 3*u - 117, 3*u + 0*d - 126 = -d. Let x = -43 + u. What is the remainder when 89 is divided by t(x)?
14
Suppose -604 = -31*j - 263. Suppose 3*b = -b + 172. Suppose 0*w = -w + b. Calculate the remainder when w is divided by j.
10
Suppose -5*b - 1223 = -4*h, 11*b = -5*h + 9*b + 1537. What is the remainder when 4906 is divided by h?
301
Suppose -2*j - 203 = 2*t - 19, 15 = -3*j. Let b = 99 + t. What is the remainder when 46 is divided by b?
10
What is the remainder when 6687 is divided by 27 + (-28)/56*(-2 - 20)?
37
Let j(h) = -5 - h**2 + 3*h**2 + 10*h - 9 - 11. Calculate the remainder when 93 is divided by j(-9).
46
Let h = -8154 + 11511. Calculate the remainder when h is divided by 10.
7
Let x be (836/(-33))/((-4)/66). Suppose 6*n = 17*n - x. What is the remainder when 189 is divided by n?
37
Suppose -8*v = -5*v - 36. Let i be 2 + (-14 + 10)*1/(-2). Suppose -2*g + d + 17 = -0*g, -i*d = -5*g + 47. What is the remainder when v is divided by g?
5
Let i(l) = 24*l**3 - 10*l**2 - 2*l + 19. Calculate the remainder when i(5) is divided by 40.
39
Suppose -u = 4, 4*u - 12 = -2*j - 28. Suppose j = -g + 3 + 7. Let z(a) = a**3 - 12*a**2 + 20*a + 8. Calculate the remainder when 28 is divided by z(g).
4
Suppose -182 = -27*z + 25*z. Calculate the remainder when z is divided by (68/(-51))/(1/(-15)).
11
Calculate the remainder when 14/21*((-5898)/(-12) + (-4)/1) is divided by 26.
13
Let o be (1 + -1)/(-4 + (-2)/(-1)). Let x(l) = -14*l + 60. Calculate the remainder when 359 is divided by x(o).
59
Calculate the remainder when 138 is divided by (-430)/5375 - 5154/(-50).
35
Let y(x) = 16*x**3 - 3*x**2 - x + 4. Suppose 14*j - 5 = 23. Calculate the remainder 